*u - 3. Let c be y(z). Calculate the greatest common factor of c and 56.
28
Let s = 25756 + -25735. Calculate the greatest common factor of 996 and s.
3
Suppose 0 = -3*t - t + 48. Suppose -102 = -18*c + c. Suppose 0 = -u + 4*o - 2, -5*u = -5*o - 59 - c. Calculate the greatest common divisor of u and t.
6
Let p be 13/65 + (-34)/(-5). Suppose 0*b = -p*b + 21. Suppose -3*d + 171 = b*s, 6*s - d - 213 = 2*s. What is the highest common divisor of 18 and s?
18
Let u(q) = 7*q - 42. Let v be u(6). Suppose 3*s - 5*s + 4*x = -262, -3*s + 5*x + 395 = v. Suppose -n = 4*n - s. Calculate the highest common factor of 9 and n.
9
Suppose 5*f - 3*u - 221 = 0, 82 = 2*f + 3*u + 2. Suppose -11*a = -7*a - 28. Let m = f - a. Calculate the highest common divisor of 9 and m.
9
Let z be -5*(-8)/(-60)*-231. Suppose -5*i = -3*m - 131, 4*i + 3*m - 121 = -0*i. Calculate the highest common factor of i and z.
14
Let j(h) = 52*h + 5199. Let n be j(-95). Let s be 76 - (0 - -2 - 0). Calculate the greatest common divisor of s and n.
37
Let s(d) = -78*d - 211. Let n be s(-7). Calculate the greatest common divisor of n and 10.
5
Let b = 96 - 42. Let u be (8 + 137 + -25)/((-16)/(-12)). What is the greatest common factor of b and u?
18
Suppose -2*g = 3*s - 267, 2*g - 49*s - 242 = -47*s. Suppose 120*y - g*y = -1008. Calculate the highest common divisor of y and 18.
6
Let z = 109 - 382. Let p = -221 - z. Suppose -a + 52 = a. Calculate the greatest common divisor of a and p.
26
Suppose 2959*j - 2951*j = 9792. Calculate the highest common factor of j and 144.
72
Let t(x) = -12*x + 378. Let s be t(32). Let k = -11 + 7. Let j be (-1020)/(-5)*k/s. Calculate the highest common factor of 17 and j.
17
Suppose -4*d = 2*g - 1230, 4*g - 6 - 6 = 0. Suppose 3*q = 62*w - 59*w - d, -2*w + 4*q = -208. Calculate the greatest common factor of w and 80.
20
Suppose 4*u = 3*c - 130, 20 = -9*u + 13*u. Let s be 10390/c - 16/20. What is the greatest common factor of s and 46?
23
Let m(o) = -8*o**2 - 41*o + 22. Let g(l) = 4*l**2 + 21*l - 11. Let n(w) = 13*g(w) + 6*m(w). Let y be n(-9). Calculate the highest common divisor of 80 and y.
10
Suppose 94 = -2*d - 0*n + 5*n, -4*d - 4*n = 160. Let o = 41 + d. Let w be (o*1)/(7/10836*-4). Calculate the highest common factor of 43 and w.
43
Suppose 16815*m - 16817*m = -27440. What is the greatest common divisor of m and 120?
40
Let c(b) = -6*b + 1. Let o be c(-2). Let i(q) = 20*q + 71. Let g be i(-33). Let f = g + 602. Calculate the greatest common factor of o and f.
13
Let c be -168 - (48/6 - 3 - 6). Let r = 375 + c. What is the greatest common divisor of 32 and r?
16
Suppose -272*p + 275*p - 468 = 0. Suppose -2*x - 3*x + 120 = 0. What is the greatest common divisor of p and x?
12
Let y = 31814 - 18059. Calculate the highest common divisor of 105 and y.
105
Let i be -6 + 6 + -3 + 94. Let b be 116/29 - 3*-3. What is the highest common factor of i and b?
13
Let i(q) = -105*q + 14345. Let f be i(99). What is the highest common divisor of f and 158?
158
Suppose 2*r - 511664 = -26*r + 57128. Calculate the highest common divisor of 14 and r.
14
Let l be 3/((816/1456)/17). Calculate the highest common divisor of 6097 and l.
91
Suppose -4*l = l + 5. Let x be l - (0 + 20/(-4)). Suppose -487 - 473 = -x*a. Calculate the greatest common factor of a and 48.
48
Let y be (2/8)/(15/165300). What is the highest common factor of 57 and y?
19
Let v be ((1 - -1377) + 7)*6/3. Suppose -18*r + 2378 = -v. Calculate the highest common factor of r and 22.
22
Suppose 5*j + 2*n - 150 = j, -3*n - 15 = 0. Suppose -y - y = 5*g - 67, -2*y + 4*g + j = 0. Calculate the highest common factor of 39 and y.
13
Suppose -5*m - 167 = 3*q, -2*q - m = 2*q + 234. Let p = q - -187. Let w(x) = -7*x - 12. Let h be w(-4). Calculate the greatest common factor of p and h.
16
Let r be 109 - (-1 + (-1 - 3)). Let u = -90 + r. Calculate the highest common divisor of u and 12.
12
Let i = -15 + 49. Let z = 39 - i. Suppose 3*w - z*w = -36. Calculate the highest common divisor of w and 144.
18
Let i = -21170 + 21254. Calculate the greatest common factor of 287 and i.
7
Suppose -4*i + 78 = 3*m, 50 - 24 = m - i. Suppose 4*p - 4 = -11*v + 12*v, -m = -v - 2*p. Let l be 79 + 2/(3 - 1). What is the greatest common factor of l and v?
16
Let t(v) = -v**2 - 6*v + 9. Let h be t(-6). Suppose h*s = 8*s - 4*g + 22, 2*s = -5*g + 32. What is the greatest common divisor of s and 294?
6
Let w(o) = -30*o + 333. Let a be w(11). Suppose -a*n = 3*c - 1206, n - 236 = 2*c + 169. Calculate the highest common factor of 13 and n.
13
Let b be (-3)/9 + (-64)/(-12). Suppose -b*p = -6*p + 4, 5*p + 13 = 3*g. Calculate the highest common factor of 77 and g.
11
Suppose 0 = 74*f - 884 - 1706. Calculate the greatest common divisor of 6580 and f.
35
Suppose 1061607 = 158*a - 1151060 + 151715. Calculate the greatest common factor of 12 and a.
12
Let i(p) = p**2 + 77*p - 368. Let j be i(5). What is the highest common divisor of 434 and j?
14
Suppose -5*p = 4*i - 801, -5*i + 7*p + 1035 = 2*p. Let d be (30/7)/(6/105) - 2*-5. Calculate the greatest common factor of i and d.
17
Let c(m) = 9*m**2 + 16*m - 107. Let a be c(-25). Calculate the highest common factor of a and 6.
6
Let y = 290 - 258. Suppose -41 - 215 = -y*h. What is the greatest common factor of h and 32?
8
Let p(v) = -1156*v - 4718. Let n be p(-5). What is the greatest common factor of 236 and n?
118
Let s = -14 + 16. Suppose -3 = 2*l - 7. Suppose 7*n - 2*n + s*w = 395, -l*n - 3*w + 169 = 0. Calculate the greatest common factor of 7 and n.
7
Let c = 895 - 586. Suppose 148 = k - 4*o, 2*k + 8*o - c = 3*o. Let g be -1 - -2 - (-36)/2. What is the highest common divisor of g and k?
19
Suppose 5*r - 24 - 1 = 0. Suppose 5*n = r*z - 1010, 7*z - 1013 = 2*z + 4*n. What is the highest common divisor of 82 and z?
41
Let r(n) = -71*n - 2. Let k be r(-1). Let z = k - 60. Let j be -1*(-228)/z*3. What is the greatest common factor of 19 and j?
19
Suppose -3*v - 96 = -5*i, 4*v = -i - 159 + 54. Let f be 2*3/(-18)*v. Let d be (-24)/2*(-6)/f. Calculate the greatest common divisor of d and 8.
8
Let p be 221/78 + 1/6. Suppose 6 = 4*v - 7*v. Let t be (1/v)/((-1)/54). Calculate the greatest common divisor of t and p.
3
Let o be (62/(-8))/(0 - (-20)/(-80)). Calculate the highest common factor of o and 1240.
31
Suppose 4*d + 5*q = 16, 6*q - 8*q - 16 = -4*d. Suppose d*n = 1256 + 512. Calculate the greatest common factor of n and 34.
34
Let t = 1006 + -971. What is the greatest common divisor of 145 and t?
5
Let n be 76956/(-11)*288/(-128). What is the greatest common factor of 53 and n?
53
Suppose 3*c - 819 = -0*c + 4*d, 0 = -3*c - 5*d + 819. Suppose 238 - 550 = -8*u. Calculate the greatest common factor of u and c.
39
Let v(p) = -3*p + 42. Suppose 3*t = -3*j - 9, j = 2*t - 2 - 7. Let h be v(j). Calculate the highest common divisor of h and 6.
3
Let m(b) = -12*b - 39. Let k be (-8)/(-24) + -3*32/18. Let g be m(k). Calculate the greatest common divisor of 49 and g.
7
Let g be 4/((-48)/1980)*(-8)/10. Calculate the highest common factor of 704 and g.
44
Let d(i) = -94 - 3*i - 8*i - i + 9*i. Let o be d(-35). Calculate the greatest common factor of 77 and o.
11
Let j be ((-66)/(-99))/(2/10230). Suppose -3*k = 2*k + 3*l - j, 4*k = -2*l + 2728. Calculate the greatest common factor of 31 and k.
31
Let h = 11962 - 11946. What is the highest common factor of h and 59216?
16
Let x be 30/450 + 1274/15. Let o be (15/2)/(x/204). Calculate the highest common factor of o and 1062.
18
Let w be 14 - (-15 + 24 + 0). What is the greatest common factor of w and 12365?
5
Suppose 14*b - 59 = 81. Suppose 45 = 5*m - 2*m. What is the greatest common divisor of m and b?
5
Suppose -468*l + 457*l + 396 = 0. What is the greatest common factor of 648 and l?
36
Let z be (63/(-7) - -9)/(-6). Suppose z = 5*v + 2*y - 704, 4*v + 6*y = 2*y + 568. What is the highest common factor of v and 245?
35
Let x = -117 + 119. Suppose -5*p = -3*o, -x*p + 11*o = 9*o + 4. Calculate the greatest common factor of p and 69.
3
Suppose 0 = -8*d + 13*d + 5. Let w = 2 - d. Suppose -w*k + 1 = -5*b + 94, b + 3*k - 33 = 0. Calculate the greatest common factor of b and 84.
21
Let y(l) = 2*l**2 - 9*l + 2. Suppose -5*r + 15 = -10. Let v be y(r). Suppose -v*c = -2*c - 5. Calculate the grea